 of 1158480?
True
Is 263552 a multiple of 116?
True
Is 359928 a multiple of 351?
False
Is 1840735 a multiple of 13?
True
Is 280002 a multiple of 138?
True
Is 21 a factor of 9121306?
False
Is 59192 a multiple of 2?
True
Does 2 divide 15132?
True
Is 2489886 a multiple of 14?
True
Does 131 divide 39431?
True
Is 423306 a multiple of 243?
True
Is 499085 a multiple of 66?
False
Is 74 a factor of 7781470?
True
Is 104 a factor of 201760?
True
Is 19056 a multiple of 12?
True
Does 130 divide 1518920?
True
Does 1004 divide 11085164?
True
Is 1138 a factor of 1458433?
False
Is 4564 a multiple of 7?
True
Is 1109964 a multiple of 64?
False
Is 40 a factor of 330960?
True
Is 64169 a multiple of 103?
True
Does 26 divide 4442734?
False
Is 577365 a multiple of 631?
True
Is 184 a factor of 692760?
True
Does 34 divide 32436?
True
Is 47 a factor of 2478780?
True
Is 85431 a multiple of 208?
False
Does 21 divide 1492995?
True
Is 4 a factor of 527130?
False
Is 283891 a multiple of 25?
False
Is 40185 a multiple of 194?
False
Does 3 divide 21282?
True
Is 270891 a multiple of 7?
False
Is 1410121 a multiple of 4?
False
Does 129 divide 1982974?
False
Is 1719932 a multiple of 8?
False
Is 10353192 a multiple of 8?
True
Does 12 divide 369588?
True
Is 519 a factor of 211322?
False
Is 20 a factor of 159212?
False
Does 12 divide 1677072?
True
Is 983024 a multiple of 134?
True
Is 6 a factor of 123162?
True
Is 15703 a multiple of 2?
False
Is 3868785 a multiple of 45?
True
Is 21 a factor of 746781?
True
Is 86 a factor of 198832?
True
Is 124069 a multiple of 4?
False
Is 333 a factor of 10656?
True
Does 83 divide 25004?
False
Is 34233 a multiple of 3?
True
Does 2 divide 74199?
False
Is 30 a factor of 9116040?
True
Is 308454 a multiple of 1018?
True
Is 133 a factor of 952479?
False
Is 36 a factor of 918453?
False
Is 9 a factor of 1034757?
True
Does 258 divide 63144?
False
Is 184705 a multiple of 85?
True
Does 10 divide 12544410?
True
Is 486 a factor of 393530?
False
Is 3485508 a multiple of 12?
True
Is 7633014 a multiple of 710?
False
Is 376176 a multiple of 3?
True
Is 617010 a multiple of 131?
True
Does 728 divide 13551720?
True
Is 5060 a multiple of 34?
False
Is 147662 a multiple of 15?
False
Does 22 divide 387596?
True
Does 1749 divide 891990?
True
Is 830132 a multiple of 206?
False
Is 147 a factor of 4164363?
True
Is 255 a factor of 377655?
True
Is 21 a factor of 794913?
True
Is 1568615 a multiple of 61?
True
Is 452928 a multiple of 672?
True
Is 381 a factor of 799719?
True
Is 184759 a multiple of 229?
False
Is 149 a factor of 470111?
False
Does 26 divide 839748?
True
Is 332 a factor of 359888?
True
Is 9 a factor of 240898?
False
Does 102 divide 111991?
False
Does 50 divide 383631?
False
Is 56988 a multiple of 252?
False
Does 311 divide 1345508?
False
Does 450 divide 2595600?
True
Does 268 divide 1344551?
False
Is 18 a factor of 620658?
True
Is 303 a factor of 1876008?
False
Is 2580056 a multiple of 17?
True
Is 25 a factor of 580139?
False
Is 20240 a multiple of 23?
True
Is 343892 a multiple of 149?
True
Is 88635 a multiple of 26?
False
Does 23 divide 22356?
True
Does 135 divide 4253604?
False
Does 93 divide 245184?
False
Is 208238 a multiple of 33?
False
Is 33050 a multiple of 87?
False
Is 59 a factor of 5051678?
False
Is 1029690 a multiple of 28?
False
Is 12 a factor of 6252882?
False
Does 519 divide 191561?
False
Is 3632336 a multiple of 379?
True
Does 107 divide 474010?
True
Does 23 divide 2358075?
True
Does 396 divide 14385888?
True
Is 63 a factor of 101808?
True
Does 99 divide 158895?
True
Is 1823487 a multiple of 17?
False
Does 132 divide 1206206?
False
Is 1405 a multiple of 7?
False
Does 765 divide 15796149?
False
Does 22 divide 269808?
True
Is 482240 a multiple of 548?
True
Is 93076 a multiple of 24?
False
Does 16 divide 61456?
True
Is 89 a factor of 3958453?
True
Is 255 a factor of 291003?
False
Is 176 a factor of 80859?
False
Is 3 a factor of 48959?
False
Is 1003 a factor of 10104939?
False
Is 59 a factor of 4961919?
False
Does 27 divide 212706?
True
Is 172468 a multiple of 4?
True
Does 224 divide 3428096?
True
Is 31 a factor of 167186?
False
Is 79 a factor of 1217232?
True
Is 4 a factor of 1848718?
False
Is 10 a factor of 115726?
False
Does 32 divide 276597?
False
Is 15446 a multiple of 30?
False
Does 82 divide 5331249?
False
Is 466913 a multiple of 8?
False
Is 289828 a multiple of 154?
True
Is 15 a factor of 30513?
False
Is 164957 a multiple of 26?
False
Is 21 a factor of 3255051?
False
Is 30 a factor of 18669?
False
Is 840630 a multiple of 228?
False
Does 347 divide 553812?
True
Is 127611 a multiple of 33?
True
Is 5 a factor of 35090?
True
Is 11 a factor of 62545?
False
Does 71 divide 732935?
False
Is 2948546 a multiple of 228?
False
Does 3 divide 22756?
False
Is 2813478 a multiple of 6?
True
Is 547944 a multiple of 34?
True
Is 196715 a multiple of 63?
False
Is 600980 a multiple of 53?
False
Does 10 divide 9820?
True
Does 9 divide 1053?
True
Is 626 a factor of 3314044?
True
Does 476 divide 285124?
True
Is 3833739 a multiple of 1489?
False
Is 6 a factor of 380149?
False
Is 12 a factor of 53844?
True
Is 42 a factor of 70098?
True
Is 4 a factor of 29563?
False
Does 43 divide 283202?
False
Is 867090 a multiple of 210?
True
Does 139 divide 3407195?
False
Is 3466755 a multiple of 42?
False
Is 723498 a multiple of 222?
True
Does 19 divide 286998?
False
Does 274 divide 641434?
True
Is 79 a factor of 245374?
True
Is 3214081 a multiple of 302?
False
Is 14 a factor of 2602514?
False
Does 92 divide 5697284?
True
Is 19 a factor of 13577?
False
Is 47 a factor of 6668614?
False
Does 35 divide 182224?
False
Does 219 divide 5303304?
True
Is 95615 a multiple of 321?
False
Is 440955 a multiple of 205?
True
Does 14 divide 1974903?
False
Is 9 a factor of 177725?
False
Does 39 divide 103949?
False
Is 20 a factor of 6459300?
True
Does 43 divide 9981?
False
Is 71 a factor of 2532002?
True
Is 16 a factor of 2101872?
True
Is 207 a factor of 26082?
True
Does 18 divide 2034828?
True
Is 61 a factor of 1235285?
False
Is 32 a factor of 44256?
True
Is 130336 a multiple of 24?
False
Does 283 divide 680615?
True
Is 822190 a multiple of 9?
False
Is 22 a factor of 6058686?
False
Is 11 a factor of 866470?
True
Does 3 divide 335059?
False
Does 286 divide 1670526?
True
Does 290 divide 763280?
True
Does 3 divide 105807?
True
Is 12 a factor of 358079?
False
Does 107 divide 233688?
True
Is 8 a factor of 3336792?
True
Is 165 a factor of 466163?
False
Does 5 divide 576234?
False
Does 16 divide 2146992?
True
Is 2089216 a multiple of 16?
True
Is 337340 a multiple of 10?
True
Is 184014 a multiple of 39?
False
Is 56 a factor of 100886?
False
Is 1347232 a multiple of 11?
False
Does 3 divide 209566?
False
Is 36 a factor of 44460?
True
Is 96564 a multiple of 13?
True
Does 14 divide 1073048?
False
Is 10 a factor of 128430?
True
Is 383 a factor of 214648?
False
Is 873177 a multiple of 41?
True
Is 13 a factor of 510445?
True
Is 3240222 a multiple of 1531?
False
Is 4094849 a multiple of 428?
False
Does 176 divide 9677785?
False
Does 6 divide 490732?
False
Does 433 divide 2882048?
True
Is 313 a factor of 2204576?
False
Is 4 a factor of 352376?
True
Does 309 divide 7741477?
False
Does 305 divide 234850?
True
Is 57 a factor of 852834?
True
Is 107 a factor of 2237634?
False
Does 120 divide 362834?
False
Is 172975 a multiple of 425?
True
Is 151 a factor of 64024?
True
Is 52 a factor of 9577289?
False
Does 64 divide 34597?
False
Is 606 a factor of 4709098?
False
Does 4 divide 39006?
False
Is 32103 a multiple of 9?
True
Is 4286710 a multiple of 55?
False
Does 448 divide 1057728?
True
Is 33024 a multiple of 64?
True
Is 2105960 a multiple of 76?
True
Is 36 a factor of 11891333?
False
Is 613173 a multiple of 33?
True
Is 7664616 a multiple of 33?
False
Is 51026 a multiple of 31?
True
Is 49 a factor of 178017?
True
Is 3392321 a multiple of 14?
False
Is 75870 a multiple of 45?
True
Is 3 a factor of 727332?
True
Does 42 divide 1611180?
False
Is 4205051 a multiple of 58?
False
Is 354154 a multiple of 46?
True
Is 4068762 a multiple of 15?
False
Does 20 divide 15827?
False
Is 183939 a multiple of 19?
True
Is 302 a factor of 14798?
True
Is 6480 a multiple of 8?
True
Is 22 a factor of 545405?
False
Is 103095 a multiple of 15?
True
Does